composite?
False
Is 960563 composite?
True
Is 680209 a composite number?
False
Is 106 composite?
True
Is 5297 a composite number?
False
Is 1791941 a prime number?
True
Is 9587 composite?
False
Is 2138873 prime?
False
Is 760807 prime?
True
Is 55201 a prime number?
True
Is 14173 a composite number?
False
Is 920921 a composite number?
False
Is 301811 composite?
True
Is 15931 a composite number?
True
Is 273817 prime?
False
Is 88589 composite?
False
Is 23447 composite?
False
Is 1695605 a composite number?
True
Is 879689 composite?
False
Is 26981 a composite number?
False
Is 5155 composite?
True
Is 8077 composite?
True
Is 662543 prime?
False
Is 5137 prime?
False
Is 4201 a composite number?
False
Is 274661 prime?
True
Is 1886767 prime?
False
Is 839 a prime number?
True
Is 40249 prime?
False
Is 2519 a prime number?
False
Is 3047 prime?
False
Is 8501 a prime number?
True
Is 664949 a prime number?
True
Is 22051 prime?
True
Is 446 composite?
True
Is 23557 a composite number?
False
Is 94559 composite?
False
Is 254 a composite number?
True
Is 101553 composite?
True
Is 112773 a composite number?
True
Is 207491 a prime number?
True
Is 1510573 composite?
False
Is 27383 composite?
True
Is 1472305 a prime number?
False
Is 190207 composite?
False
Is 113541 a prime number?
False
Is 41831 a composite number?
True
Is 15937 composite?
False
Is 1514005 a composite number?
True
Is 151883 a composite number?
False
Is 59599 prime?
False
Is 4441 a prime number?
True
Is 29123 composite?
False
Is 23362 prime?
False
Is 354533 prime?
True
Is 688187 a composite number?
False
Is 31677 prime?
False
Is 20639 a prime number?
True
Is 31121 composite?
False
Is 268943 a prime number?
False
Is 109741 composite?
False
Is 65353 prime?
True
Is 31439 a composite number?
True
Is 4229 composite?
False
Is 452989 a composite number?
False
Is 871037 prime?
True
Is 65165 composite?
True
Is 12889 a prime number?
True
Is 6757 a composite number?
True
Is 48751 composite?
False
Is 623377 composite?
True
Is 247409 prime?
True
Is 4916533 composite?
True
Is 86069 composite?
False
Is 11149 a composite number?
False
Is 80293 a prime number?
False
Is 42061 a prime number?
True
Is 109451 prime?
True
Is 22577 a composite number?
True
Is 344089 a composite number?
True
Is 24751 a prime number?
False
Is 11863 a composite number?
False
Is 38297 prime?
False
Is 23417 prime?
True
Is 24137 composite?
False
Is 39097 composite?
False
Is 64319 composite?
False
Is 210299 composite?
False
Is 7499 composite?
False
Is 303737 prime?
False
Is 7081 prime?
False
Is 962894 composite?
True
Is 424537 a prime number?
True
Is 3607 composite?
False
Is 262 a prime number?
False
Is 606299 a composite number?
False
Is 91759 prime?
False
Is 36151 prime?
True
Is 130081 a composite number?
True
Is 75657 a prime number?
False
Is 307415 a composite number?
True
Is 298477 prime?
True
Is 113873 a prime number?
False
Is 132019 composite?
False
Is 980017 a prime number?
False
Is 608581 prime?
True
Is 76417 composite?
True
Is 729191 a composite number?
False
Is 165287 a composite number?
False
Is 698669 composite?
False
Is 87931 a composite number?
False
Is 974849 a prime number?
True
Is 350483 composite?
True
Is 60043 a prime number?
False
Is 97231 a prime number?
True
Is 485579 a composite number?
True
Is 40601 prime?
False
Is 3521 a prime number?
False
Is 1226 prime?
False
Is 4687 a prime number?
False
Is 13669 composite?
False
Is 1165819 a prime number?
True
Is 1153849 composite?
False
Is 8461 a prime number?
True
Is 991 a composite number?
False
Is 192931 prime?
True
Is 26591 prime?
True
Is 12763 a composite number?
False
Is 4598837 a prime number?
True
Is 9869 prime?
False
Is 309707 a prime number?
True
Is 116045 a prime number?
False
Is 14837 a composite number?
True
Is 216079 a prime number?
False
Is 73819 a prime number?
True
Is 417385 composite?
True
Is 5349 a composite number?
True
Is 3413737 a composite number?
False
Is 389407 a composite number?
True
Is 12989 a composite number?
True
Is 443782 a composite number?
True
Is 983546 prime?
False
Is 1741 prime?
True
Is 78569 a prime number?
True
Is 10841 composite?
True
Is 1174 a composite number?
True
Is 875233 composite?
False
Is 102637 composite?
True
Is 191189 a prime number?
True
Is 777641 a composite number?
False
Is 80635 a prime number?
False
Is 1112555 prime?
False
Is 846841 prime?
True
Is 733951 composite?
True
Is 32831 prime?
True
Is 4487 a prime number?
False
Is 133769 prime?
True
Is 632779 a composite number?
True
Is 46747 a composite number?
False
Is 3155 a composite number?
True
Is 10903 a composite number?
False
Is 37781 a prime number?
True
Is 2049 a prime number?
False
Is 6598 a prime number?
False
Is 17855 a composite number?
True
Is 1481 a prime number?
True
Is 37493 a composite number?
False
Is 5315 a composite number?
True
Is 14479 a composite number?
False
Is 34537 composite?
False
Is 3359 prime?
True
Is 72193 prime?
False
Is 124379 composite?
True
Is 81899 composite?
False
Is 21251 a composite number?
True
Is 5051 a prime number?
True
Is 435709 prime?
True
Is 171077 a composite number?
False
Is 29255 composite?
True
Is 63235 prime?
False
Is 532079 a prime number?
False
Is 453227 a composite number?
False
Is 198763 a prime number?
False
Is 16217 prime?
True
Is 25433 prime?
False
Is 62701 composite?
False
Is 6779 prime?
True
Is 410087 a prime number?
True
Is 1735 a prime number?
False
Is 5851 composite?
False
Is 899483 a prime number?
False
Is 111574 a composite number?
True
Is 1151 a composite number?
False
Is 85883 a composite number?
True
Is 108457 composite?
False
Is 140281 prime?
True
Is 2130305 prime?
False
Is 42377 a prime number?
False
Is 475327 prime?
True
Is 354209 a composite number?
False
Is 2809213 composite?
True
Is 276793 a prime number?
False
Is 273545 composite?
True
Is 347 prime?
True
Is 9427 a prime number?
False
Is 3263 a prime number?
False
Is 21467 a prime number?
True
Is 90323 a composite number?
True
Is 139729 prime?
True
Is 3943 composite?
False
Is 7499 prime?
True
Is 949067 composite?
True
Is 394843 a prime number?
False
Is 51962 a composite number?
True
Is 479 prime?
True
Is 388973 prime?
False
Is 17891 a prime number?
True
Is 49253 composite?
False
Is 1499 prime?
True
Is 7033 composite?
True
Is 1360439 prime?
True
Is 2242517 prime?
True
Is 3293 a composite number?
True
Is 10367 a composite number?
True
Is 50213 a prime number?
False
Is 241834 composite?
True
Is 9533 a prime number?
True
Is 145117 prime?
False
Is 4091 a composite number?
False
Is 242729 a composite number?
False
Is 304877 a composite number?
True
Is 528763 composite?
False
Is 7633 prime?
False
Is 165161 composite?
False
Is 147341 composite?
False
Is 15727 a prime number?
True
Is 896263 a composite number?
False
Is 23093 composite?
True
Is 1285381 a composite number?
False
Is 128339 prime?
True
Is 48549 composite?
True
Is 199711 composite?
True
Is 1173845 a composite number?
True
Is 23915 a prime number?
False
Is 1794913 a prime number?
True
Is 9235 a composite number?
True
Is 57943 prime?
True
Is 5899 a prime number?
False
Is 2965 prime?
False
Is 21391 prime?
True
Is 314107 a composite number?
False
Is 2219 a composite number?
True
Is 57913 composite?
True
Is 83717 a composite number?
False
Is 53047 composite?
False
Is 2719 composite?
False
Is 40309 a composite number?
True
Is 1061 composite?
False
Is 158611 a prime number?
True
Is 12451 a prime number?
True
Is 293201 prime?
True
Is 76933 composite?
True
Is 152353 a composite number?
True
Is 83 composite?
False
Is 65977 composite?
True
Is 14143 a composite number?
False
Is 551 a prime number?
False
Is 18217 a composite number?
False
Is 3770761 a prime number?
True
Is 17543 composite?
True
Is 767089 prime?
True
Is 263369 composite?
False
Is 9491 a composite number?
False
Is 207467 composite?
True
Is 1437 a composite number?
True
Is 38473 a prime number?
False
Is 1187 a composite number?
False
Is 94199 prime?
False
Is 3557 a prime number?
True
Is 67955 a composite number?
True
Is 5086 a composite number?
True
Is 81401 a prime number?
True
Is 7883 a composite number?
False
Is 1927 a prime number?
False
Is 3909 composite?
True
Is 48907 composite?
False
Is 7279 a prime number?
False
Is 14977 prime?
False
Is 304277 a pr